 base 7, what is -3 + 63143021?
63143015
In base 13, what is -213 - 78911?
-78b24
In base 12, what is -5 - -143a27?
143a22
In base 5, what is 13 - -1244002431?
1244002444
In base 3, what is 10001 - -220122011?
220202012
In base 3, what is 2 + -20021212020211?
-20021212020202
In base 9, what is -8873 - -1441?
-7432
In base 2, what is 1011001010000100000010 + -11100?
1011001010000011100110
In base 3, what is 1011200002202 - 10101202?
1011112201000
In base 15, what is 3445 + -2e7?
314d
In base 12, what is 52235 - 790?
51665
In base 4, what is -3031313203232 + 3?
-3031313203223
In base 5, what is 313 - 30401312?
-30400444
In base 13, what is -a85 + -3115?
-3b9a
In base 15, what is -4 - -cc7840?
cc783b
In base 9, what is -26887 - -38200?
11202
In base 10, what is 614 + -10066?
-9452
In base 7, what is -3 - 43140434?
-43140440
In base 4, what is 2330 + 11310231333?
11310300323
In base 3, what is -111010002121 + -1022?
-111010010220
In base 16, what is -7bb3 + -189d?
-9450
In base 12, what is -4 - 1344692?
-1344696
In base 15, what is -5e + -ad3d?
-ad9c
In base 4, what is 10 + -1012020002?
-1012013332
In base 7, what is 53 + -12201203?
-12201120
In base 7, what is -326 - 640543?
-641202
In base 4, what is -1220302303 - -2231?
-1220300012
In base 8, what is -31 - -24364010?
24363757
In base 4, what is 230033 - 2101020?
-1210321
In base 12, what is -444b - 20a6?
-6535
In base 13, what is 8 + 71702b4?
71702bc
In base 4, what is -33 - 20112123012?
-20112123111
In base 13, what is -4 - -531451c8?
531451c4
In base 13, what is -2 + -96a1c1?
-96a1c3
In base 13, what is 2 - -b5a6b91?
b5a6b93
In base 10, what is 1950 - 5901?
-3951
In base 15, what is 3b + -6295a?
-6291e
In base 4, what is 110130 - -330321303?
331032033
In base 5, what is -10 + -4311020134?
-4311020144
In base 4, what is -302 + -1001121?
-1002023
In base 12, what is -1078878 + 6?
-1078872
In base 7, what is 20664422 - -554?
20665306
In base 14, what is 2092b8 - -1?
2092b9
In base 7, what is 412620 + -251?
412336
In base 5, what is 31432 + 10211334?
10243321
In base 11, what is -15 - 3953008?
-3953022
In base 15, what is 1 - -59a1a5?
59a1a6
In base 11, what is a0992525 - -5?
a099252a
In base 13, what is 2 - -1c9a8ac6?
1c9a8ac8
In base 5, what is -440 + 42303143?
42302203
In base 15, what is 4 - 3dcbdc0?
-3dcbdbb
In base 5, what is -32002113 + 1302?
-32000311
In base 2, what is 10001110000100001 - 1101011?
10001101110110110
In base 2, what is -1110110 + -10000001100110110?
-10000001110101100
In base 12, what is -325b + -248?
-34a7
In base 9, what is 185543 + -158?
185374
In base 11, what is -13 + -3235120?
-3235133
In base 5, what is 1 + -32232320?
-32232314
In base 13, what is 11586 + 243?
117c9
In base 12, what is -b83a98 - 2?
-b83a9a
In base 13, what is -1724653 + 2b?
-1724625
In base 13, what is -31c - 10c183?
-10c4a2
In base 11, what is 143244a5 - 1?
143244a4
In base 10, what is 3452202 - -388?
3452590
In base 12, what is 863 + -9a128?
-99485
In base 11, what is 5098aa6 + 0?
5098aa6
In base 15, what is -4 + 30e220b?
30e2207
In base 5, what is 23114443 + 240?
23120233
In base 11, what is -41a5 + 1561?
-2744
In base 16, what is 55cd - 2a69?
2b64
In base 8, what is 236 - 20150027?
-20147571
In base 5, what is 2031332 + 4311?
2041143
In base 16, what is -2 + -2b1933?
-2b1935
In base 15, what is 101db17 - -2?
101db19
In base 10, what is -13924 - 14402?
-28326
In base 7, what is -11 - -265012363?
265012352
In base 15, what is -119816a + 66?
-1198104
In base 9, what is -2723514 + -20?
-2723534
In base 8, what is -35546621 - -270?
-35546331
In base 6, what is 0 + 3054224545?
3054224545
In base 15, what is -148 + e074?
de2b
In base 9, what is 22 - 5512785?
-5512763
In base 5, what is 400134024 + -112?
400133412
In base 4, what is 11 - -313010100120?
313010100131
In base 15, what is -6abd8 + 20?
-6abb8
In base 3, what is 1202111221111211 - -1?
1202111221111212
In base 4, what is -10321103 + 233000?
-10022103
In base 11, what is 0 - -690951?
690951
In base 14, what is -4a26 + 330?
-46d6
In base 7, what is 151 + 55455?
55636
In base 2, what is -10 - -1100000100101001101?
1100000100101001011
In base 5, what is 4344414 - -42403?
4442322
In base 5, what is -4024232404134 + -3?
-4024232404142
In base 6, what is 35324154 + 2?
35324200
In base 13, what is -12196 - -232?
-11c64
In base 7, what is -3 - 635154165?
-635154201
In base 7, what is 353516 + 106?
353625
In base 7, what is -352042 + -251?
-352323
In base 9, what is 128735162 + -4?
128735157
In base 13, what is 164875 + -4?
164871
In base 14, what is -372 - 48c?
-820
In base 14, what is 12da75 - -b3?
12db48
In base 3, what is -1212 + -20211022120210?
-20211022122122
In base 8, what is 4 + -3021446?
-3021442
In base 6, what is -3 + -454135355?
-454135402
In base 5, what is 11 + 11111240?
11111301
In base 9, what is -17 + 203386?
203368
In base 8, what is -161550 + 13510?
-146040
In base 16, what is 3 - 65a758d?
-65a758a
In base 10, what is 5 + -20655005?
-20655000
In base 7, what is -5204 - -63106?
54602
In base 4, what is -10 + 1232203111123?
1232203111113
In base 8, what is -13 - -24640654?
24640641
In base 16, what is -cb906 - 3?
-cb909
In base 3, what is 1201 + -20202000010?
-20201221102
In base 5, what is -1011 - -1233441?
1232430
In base 13, what is -29c1774 + -3?
-29c1777
In base 13, what is 117c - -29c80?
2b12c
In base 5, what is -3134 + -423424102?
-423432241
In base 9, what is 14 - -178726642?
178726656
In base 10, what is -69 - -195233?
195164
In base 6, what is -2130240133 + -1?
-2130240134
In base 5, what is -2124014334211 - -2?
-2124014334204
In base 12, what is -5a42b71 + 9?
-5a42b64
In base 15, what is -26a + -cb4a?
-cdb5
In base 8, what is -26 + 60274045?
60274017
In base 15, what is -27 + -1eede8?
-1eee20
In base 14, what is d0d4c6 - -a?
d0d4d2
In base 13, what is 8ba + c683?
10270
In base 14, what is 1 - -6aa0cd?
6aa0d0
In base 11, what is 9 - 4385371?
-4385363
In base 2, what is -11001100110 + -10011111011101011?
-10100010101010001
In base 6, what is 10 + 435420512?
435420522
In base 13, what is -1622 - 7083?
-86a5
In base 9, what is -5 + -206608570?
-206608575
In base 10, what is -2008 - 8225?
-10233
In base 4, what is 121111302102 - -3?
121111302111
In base 13, what is 3 - 1a415044?
-1a415041
In base 15, what is -191c7 + -3c?
-19214
In base 14, what is -6597 - -b42?
-5855
In base 6, what is 1311421 + -1433?
1305544
In base 12, what is -b04b6 - 1b?
-b0515
In base 14, what is -37 - -b83b6?
b837d
In base 3, what is 10021210110012 - 21?
10021210102221
In base 3, what is -2 - -1220111120002?
1220111120000
In base 6, what is 1052 + -24450?
-23354
In base 9, what is 850 + 24250?
25210
In base 9, what is 12531760 + 25?
12531785
In base 9, what is -76715 - -331?
-76374
In base 2, what is 0 - -110111100010111001110101110?
110111100010111001110101110
In base 3, what is 0 + -10122002112202?
-10122002112202
In base 14, what is -1dccb - 2558?
-22445
In base 13, what is 4a + -225165?
-225118
In base 5, what is -4100220000 - 4?
-4100220004
In base 4, what is -1132031312 - 120?
-1132032032
In base 16, what is db5 - 4fc?
8b9
In base 12, what is 217 + 1948?
1b63
In base 11, what is 6483618 + -3?
6483615
In base 7, what is 2 - -302046153?
302046155
In base 9, what is -210836 + -761?
-211707
In base 2, what is 101111011101010111011011001 + -10?
101111011101010111011010111
In base 3, what is -1122 - 12221201211?
-12221210110
In base 11, what is 1041 + 290236?
291277
In base 3, what is 221112101 - 1001?
221111100
In base 6, what is 224 - 1141033?
-1140405
In base 8, what is -16171 - -13401?
-2570
In base 14, what is 56da009 + -5?
56da004
In base 10, what is -5393220 + -8?
-5393228
In base 12, what is -1892 + 4430a?
42638
In base 12, what is -352563 - 21?
-352584
In base 4, what is 1332223030031 - -3?
1332223030100
In base 11, what is 27a468 + 101?
27a569
In base 4, what is 1233223103 + -10?
1233223033
In base 10, what is -23 - 128275?
-128298
In base 13, what is -51 + 288bc5?
288b74
In base 16, what is -5 - -757525?
757520
In base 13, what is 2 - 283a97?
-283a95
In base 13, what is -22 - 144a2a?
-144a4c
In base 10, what is -18 - -1073724?
1073706
In base 12, what is 22996 + 4?
2299a
In base 7, what is -55544155 + 1?
-55544154
In base 13, what is -2 -